 3*o**5/20 + 5*o**4/12 + o**3/3 - 32*o + 7. Calculate g(-3).
-42
Let f(v) = v**3 - 8*v**2 + 7*v + 8. Let o be f(7). Let l = 4 - o. Let t(i) = -5*i - 9. Let c(j) = 2*j + 4. Let w(m) = -7*c(m) - 3*t(m). Give w(l).
-5
Let n(b) = -b**3 - 9*b**2 - 8*b + 1. Let l be 8/6 + (-1540)/165. Calculate n(l).
1
Let x(w) = -45 - 47 + 90 + w. Suppose 5 = 3*u + 23. Give x(u).
-8
Let u be (-4)/10 + (-27)/(-5) + -5. Let t(g) = -g**2 - g - 6. Calculate t(u).
-6
Let s(c) be the first derivative of c**5/60 - c**4/8 + c**3/2 - 3*c**2/2 - 24. Let z(f) be the second derivative of s(f). What is z(5)?
13
Suppose -3*w = -4*w - 5. Let k(h) = 13*h + 11. Let q(s) = 22*s + 18. Let u(l) = 5*k(l) - 3*q(l). Determine u(w).
6
Let v = 5 - 2. Suppose v*o = -2*o. Suppose -4*t + 4*i + 28 = o, -i - 29 = -3*t + 4*i. Let n(q) = q**3 - 4*q**2 + 2*q + 2. Calculate n(t).
-1
Let l(k) = 16*k**3 + 2*k**2 + k. Let u = 33 - 30. Suppose -2*c + n + u = -3*c, -c + 4*n = -7. Calculate l(c).
-15
Let m(x) = x**3 - 13*x**2 + 15*x - 34. Let i be 504/45 - (-4)/5*1. Let a be m(i). Let q(c) = 2*c**2 + c - 1. Give q(a).
9
Let k = -10 + 12. Let c(u) = 22*u**3 + 2 - 2*u + 0 + u**2 - 21*u**3 + 0*u. Calculate c(k).
10
Let t be (-1 - -1 - 0)/(10/10). Let n(c) = -c + 1. Give n(t).
1
Let j(c) = -6*c - 48. Let m be j(-7). Let p(o) = o**2 + 3*o - 2. Calculate p(m).
16
Let h be (-13)/(-5) + (-4)/(-10). Let f(l) = 3 + l**2 - 9 + 3*l**2 + h*l + 2*l**2 + l**3. Let d(g) = 2*g**3 + 3*g**2 + g + 1. Let k be d(-2). What is f(k)?
4
Let v = -9 - -15. Let n be (2 + -5)*v/9. Let c(h) = 0*h**2 - 2 + 0*h**2 - h**2. Calculate c(n).
-6
Let i be (-71 - -92)*((-10)/14 - -1). Let l(t) = t**2 - 4*t - 11. Give l(i).
1
Let w = 0 - -5. Suppose -11 = w*q - 6*q. Let p(u) = q + 1 - 9 - u. What is p(4)?
-1
Let u(y) = 250 + 257 - 513 - 2*y. Calculate u(-5).
4
Suppose -a + 9*g = 7*g + 3, -g + 3 = -2*a. Let p(q) = 29*q + 1. Give p(a).
-28
Let g(b) be the first derivative of 3*b**2 + b + 31. Let i = 13 + -9. Let u be i/(-8) - (-4)/(-8). What is g(u)?
-5
Let d(u) = 13*u + 3 - 61*u - 14 - 4. Let s(q) = 3*q + 1. Let n(v) = 2*d(v) + 33*s(v). Calculate n(-4).
-9
Let p be 9 + -4 - (1 + -3). Let v(j) = 2*j**2 - 14*j - 1. Let d(a) = -3*a**2 + 21*a + 2. Let z(h) = p*v(h) + 5*d(h). Determine z(8).
-5
Let c(m) = -4 - 5*m + 7 - 2*m. Let h(x) = x**3 - 3*x - 3. Let w be h(-1). Let d be -1 - ((w - 2) + 0). Give c(d).
-11
Suppose 0 = -2*l - l - 3*s, 0 = -5*l - s + 12. Suppose -5*x + 28 = 9*x. Let u(t) = 0*t**2 - 30*t**3 + 60*t**3 - 2*t + x*t**2 + 1 - 31*t**3. Calculate u(l).
-14
Let u(f) = f + 8. Let b be u(-6). Suppose 0 = -6*z + 20 - b. Suppose -z*r - 1 = -7. Let m(i) = i**2 + 3*i - 1. Give m(r).
9
Suppose 2*u + 0*f + 7 = f, -5*f = -25. Let i(t) be the second derivative of -t**3/2 + 3*t - 5. What is i(u)?
3
Suppose 0 = -2*z - 2*u - 14, 7 = -6*z + 3*z + 4*u. Let j(h) = -h**2 - 3*h + 7. Give j(z).
-3
Suppose -5*h = -2*r - 0*h - 23, 4*r - 3*h + 11 = 0. Let w(f) = -18*f + 1. Determine w(r).
-17
Let m(l) be the third derivative of l**4 + 138*l**2. Determine m(-1).
-24
Let c be 259/296 - (-3)/24. Let k(r) = r**2 + 3 - 5 + 2 - r. Give k(c).
0
Let x(q) = 3*q + 1. Let f(s) = -10*s - 2. Let h(d) = 5*f(d) + 16*x(d). Give h(8).
-10
Let p(i) = i**3 - 11*i**2 + 7*i + 34. Suppose -26 = -16*h + 13*h - 4*q, 12 = h - 2*q. Give p(h).
4
Let q(y) = 84 - 27 - 33 + 4*y**2 - 3*y + 2*y - 26. Calculate q(2).
12
Let m(t) = -t**2 + 6*t + 0 + 5 + 0*t**2. Let s(w) = -w**2 - 12*w - 30. Let n be s(-5). Suppose 0 = 2*v - n*d - 7, 7 = -2*v + d + 18. What is m(v)?
5
Let n(v) = 13*v - 8. Let y be (-7 - -2)/(5/(-6)). Let z(g) = -11*g + 8. Let k(i) = y*z(i) + 5*n(i). What is k(6)?
2
Let n(h) = 1. Let l(s) = -7*s + 7. Let t be (1 - 6)*(-3)/3. Let c(i) = t*n(i) - l(i). Suppose -5*x + 4 = 3*g, x + 9*g + 8 = 4*g. Calculate c(x).
12
Let b(u) = -u**2 - 5*u + 1. Suppose -7 = -4*n + 5. Suppose 2*y + 0*y = 2*j + 6, -4*j = -n*y + 14. Let i be b(j). Let m(t) = 3*t**2 + 1. Calculate m(i).
4
Let a be ((-4)/(-14))/((-5)/(-70)). Suppose 9*j = -5*c + a*j + 20, 5*j - 4 = 3*c. Let t(u) = 4 + 2*u - 3 + c*u**2 - 4*u**3 - u**2 - 3*u. Determine t(1).
-3
Let o(d) = 23*d - 4*d**2 - 16*d - 409*d**3 + 408*d**3. Calculate o(-6).
30
Let v(k) = 5*k + 37. Let i(q) = 4*q + 25. Let h(p) = 7*i(p) - 5*v(p). Let j(c) = -2*c + 9. Let s(w) = 3*h(w) + 4*j(w). Calculate s(-7).
-1
Let v(p) = p**3 - 5*p**2 + 7*p - 4. Suppose -143 + 122 = -7*t. What is v(t)?
-1
Suppose 26*u + 8 = 86. Let v(a) = a**2 - 2*a + 10. What is v(u)?
13
Suppose 6*m - 19 = m - 2*s, 4*s - 17 = -3*m. Let j(y) = 5*y - m*y - 2 + 2. Calculate j(-2).
-4
Let m(i) be the second derivative of -i**4/4 + i**3/6 - 4*i**2 - 4*i. Let l(r) = r**2 + 4. Let w(a) = -7*l(a) - 3*m(a). Calculate w(-3).
23
Let f = -388 - -390. Let x(i) = -i**3 - 3*i**2 + 2*i - 2. Give x(f).
-18
Let a(y) = -2*y - 57. Let p be a(-30). Let w(u) = -3*u**2 + 1588*u + 6*u**2 - p - 1591*u. Give w(3).
15
Let v be ((-13)/26)/(2/(-4)). Let m(a) = 4*a + 1. Calculate m(v).
5
Suppose -67 = 7*l - 88. Let t(j) = j**2 + 4. Determine t(l).
13
Suppose -4*x + 5*x = -5*o + 6, 0 = -3*x + 4*o - 20. Let q(h) = 2*h + 2. Determine q(x).
-6
Let t(v) = -97*v - 584. Let h be t(-6). Let r(i) = -i**3 - 3*i**2 - 5*i - 2. Determine r(h).
4
Let l(p) = -2*p**2 + 2*p. Let x(c) = -2*c**2 + 4*c - 11. Let u be x(4). Let i = 29 + u. Determine l(i).
-4
Let i(d) = 15*d + d**3 + 10*d - 2 + 8 + 6*d**2 - 32*d. Give i(-7).
6
Suppose 0 = -68*u + 71*u - 5*x - 3, 4*u - 21 = x. Let k(s) = -2*s - 1. Calculate k(u).
-13
Suppose -4*o = -3 + 15. Let t(w) be the third derivative of w**6/120 + w**5/20 - w**3/6 - 293*w**2. What is t(o)?
-1
Let p(u) = u**3 - 5*u**2 + 5*u - 1. Let l be p(4). Suppose -l*x = r - 16, 0*r + 2*x = 2*r. Let i(c) = -1 - 1 + 2*c - 1. Calculate i(r).
5
Let l(v) = 2*v**2 + 3*v - 1. Let h be 60/(-48) + (33/(-12) - -3). Let b(o) = 1. Let z(q) = q - 5. Let k(f) = -4*b(f) - z(f). Let g be k(h). Determine l(g).
13
Let i(b) = -64 + 2*b - 75 + 138 - b**2. Let p(n) = -n**2 - n. Let y be p(-3). Let u(t) = -t**2 - 5*t + 8. Let o be u(y). Give i(o).
-1
Suppose 0 = -5*v + 13 + 2. Suppose -3*y - v = -21. Let m(a) = -a**2 + 12*a - 6. Let k(j) = 2*j**2 - 25*j + 12. Let g(b) = 4*k(b) + 9*m(b). Give g(y).
6
Let r = -6 + 9. Let b(f) = -f**2 - 4*f - 1. Let d be b(-3). Let p(m) = 0*m + d*m**r + 2*m - m - 2*m**2. Determine p(1).
1
Let d(g) = -5*g + 0*g + 3*g**2 - g**2 + 11*g - 4*g - 6. Give d(-5).
34
Let t(v) be the second derivative of v**3/2 - 16*v**2 - 8*v - 9. Give t(14).
10
Let x be (25/6)/5*63/105. Let h(v) be the second derivative of x*v**2 + 0 + v**3 - 1/2*v**4 - 5*v - 1/20*v**5. Calculate h(-7).
8
Suppose 166 = 2*t + 42. Suppose -5*r + t = 17. Suppose 4*d - r = 7. Let k(f) = -f**3 + 3*f**2 + 6*f - 5. Determine k(d).
3
Let d = 1627 - 1631. Let h(p) = -p**2 - 3*p + 8. What is h(d)?
4
Let d(c) = -23*c + 43*c + 2 - 21*c. Calculate d(-1).
3
Suppose 0 = 36*g - 16 - 20. Let l(n) = -12*n**2 - 2*n + 2. Give l(g).
-12
Let t(k) = -2*k**2 - 38*k + 19. Let o(w) = -4*w**2 - 76*w + 34. Let n(p) = -3*o(p) + 5*t(p). Give n(-19).
-7
Let w(m) = -8*m**3 - 2*m**2 - 2*m - 1. Let h be (-2 - 0)*10/(-4). Let d(z) = -3*z + 73. Let l be d(23). Suppose l*c + h = -c. What is w(c)?
7
Let m be (-5)/15*0 + 4. Let s(v) = 63*v - 32*v + m*v**2 - 35*v + v**3 - 5. What is s(-5)?
-10
Let t(l) = -4*l**2 - 9*l + 6. Let a(h) = h**2 - 2. Let j(w) = -a(w) - t(w). What is j(-4)?
8
Let v = 266 + -271. Let s(q) = -q**3 - 3*q**2 + 2*q - 6. Determine s(v).
34
Let l be (-55)/(-15) + (-1)/(-3). Let j(z) = 18*z**3 - 1 + l - 4 - 21*z**3. What is j(-1)?
2
Let t(y) = 4 + 6 - y**2 - 1. Let d(b) = -3*b**3 - 10*b**2 + 9*b + 4. Let o be d(-4). Calculate t(o).
9
Suppose 0 = -4*g - 3*p + 57, -4*g - 71 + 107 = -4*p. Let u(n) = -n**3 + 11*n**2 + 11*n + 16. Determine u(g).
4
Let m(n) be the first derivative of -5*n**2/2 - n + 58. Calculate m(2).
-11
Let m(n) = -11 + 61*n - 174*n + 58*n + 56*n. Determine m(10).
-1
Let i(s) = s**2 - 4*s + 4. Let w be -2*(-2)/(-4)*-2. Suppose -w*p + 0*p - 18 = 0. Let q(v) = -4*v**2 + 15*v - 16. Let f(c) = p*i(c) - 2*q(c). Determine f(4).
4
Let c(v) = 6*v**2 + 0*v**2 - v - 4 - 2*v + 1 + 5. Calculate c(1).
5
Let o be 70/490 - (-12)/14. Let u = 5 - 3. Let k(n) = -4*n + 9*n - 7*n + o - u*n**2. Calculate k(-2).
-3
Let z(i) be the first derivative of i**2/2 - 6*i + 14. Suppose 4*